{"id":869,"date":"2021-05-29T13:17:54","date_gmt":"2021-05-29T13:17:54","guid":{"rendered":"http:\/\/villadrossa.com\/?page_id=869"},"modified":"2024-03-26T16:39:19","modified_gmt":"2024-03-26T16:39:19","slug":"la-maison-des-fontanilles","status":"publish","type":"page","link":"https:\/\/villadrossa.com\/nl\/la-maison-des-fontanilles","title":{"rendered":"La Maison des Fontanilles"},"content":{"rendered":"","protected":false},"excerpt":{"rendered":"","protected":false},"author":2,"featured_media":925,"parent":0,"menu_order":0,"comment_status":"closed","ping_status":"closed","template":"","meta":{"footnotes":""},"class_list":["post-869","page","type-page","status-publish","has-post-thumbnail","czr-hentry"],"yoast_head":"<!-- This site is optimized with the Yoast SEO plugin v27.4 - https:\/\/yoast.com\/product\/yoast-seo-wordpress\/ -->\n<title>Villa Drossa - Location de vacances &#8226; Location saisonni\u00e8re dans les Alpilles<\/title>\n<meta name=\"description\" content=\"Villa Drossa - Location de vacances &#8226; Superbe Location saisonni\u00e8re dans les Alpilles &#8226; Saint-R\u00e9my-de-Provence\" \/>\n<meta name=\"robots\" content=\"index, follow, max-snippet:-1, max-image-preview:large, max-video-preview:-1\" \/>\n<link rel=\"canonical\" href=\"https:\/\/villadrossa.com\/nl\/la-maison-des-fontanilles\/\" \/>\n<meta property=\"og:locale\" content=\"nl_NL\" \/>\n<meta property=\"og:type\" content=\"article\" \/>\n<meta property=\"og:title\" content=\"Villa Drossa - Location de vacances &#8226; Location saisonni\u00e8re dans les Alpilles\" \/>\n<meta property=\"og:description\" content=\"Villa Drossa - Location de vacances &#8226; Superbe Location saisonni\u00e8re dans les Alpilles &#8226; Saint-R\u00e9my-de-Provence\" \/>\n<meta property=\"og:url\" content=\"https:\/\/villadrossa.com\/nl\/la-maison-des-fontanilles\/\" \/>\n<meta property=\"og:site_name\" content=\"Villa Drossa - Location de vacances\" \/>\n<meta property=\"article:publisher\" content=\"https:\/\/www.facebook.com\/search\/top?q=villa%20drossa\" \/>\n<meta property=\"article:modified_time\" content=\"2024-03-26T16:39:19+00:00\" \/>\n<meta property=\"og:image\" content=\"https:\/\/villadrossa.com\/wp-content\/uploads\/2021\/05\/FONTANILLES-8.jpg\" \/>\n\t<meta property=\"og:image:width\" content=\"1440\" \/>\n\t<meta property=\"og:image:height\" content=\"1080\" \/>\n\t<meta property=\"og:image:type\" content=\"image\/jpeg\" \/>\n<meta name=\"twitter:card\" content=\"summary_large_image\" \/>\n<meta name=\"twitter:label1\" content=\"Geschatte leestijd\" \/>\n\t<meta name=\"twitter:data1\" content=\"10 minuten\" \/>\n<script type=\"application\/ld+json\" class=\"yoast-schema-graph\">{\"@context\":\"https:\\\/\\\/schema.org\",\"@graph\":[{\"@type\":[\"WebPage\",\"SearchResultsPage\"],\"@id\":\"https:\\\/\\\/villadrossa.com\\\/la-maison-des-fontanilles\",\"url\":\"https:\\\/\\\/villadrossa.com\\\/la-maison-des-fontanilles\",\"name\":\"Villa Drossa - Location de vacances &#8226; Location saisonni\u00e8re dans les Alpilles\",\"isPartOf\":{\"@id\":\"https:\\\/\\\/villadrossa.com\\\/#website\"},\"primaryImageOfPage\":{\"@id\":\"https:\\\/\\\/villadrossa.com\\\/la-maison-des-fontanilles#primaryimage\"},\"image\":{\"@id\":\"https:\\\/\\\/villadrossa.com\\\/la-maison-des-fontanilles#primaryimage\"},\"thumbnailUrl\":\"https:\\\/\\\/villadrossa.com\\\/wp-content\\\/uploads\\\/2021\\\/05\\\/FONTANILLES-8.jpg\",\"datePublished\":\"2021-05-29T13:17:54+00:00\",\"dateModified\":\"2024-03-26T16:39:19+00:00\",\"description\":\"Villa Drossa - Location de vacances &#8226; Superbe Location saisonni\u00e8re dans les Alpilles &#8226; Saint-R\u00e9my-de-Provence\",\"breadcrumb\":{\"@id\":\"https:\\\/\\\/villadrossa.com\\\/la-maison-des-fontanilles#breadcrumb\"},\"inLanguage\":\"nl-NL\",\"potentialAction\":[{\"@type\":\"ReadAction\",\"target\":[\"https:\\\/\\\/villadrossa.com\\\/la-maison-des-fontanilles\"]}]},{\"@type\":\"ImageObject\",\"inLanguage\":\"nl-NL\",\"@id\":\"https:\\\/\\\/villadrossa.com\\\/la-maison-des-fontanilles#primaryimage\",\"url\":\"https:\\\/\\\/villadrossa.com\\\/wp-content\\\/uploads\\\/2021\\\/05\\\/FONTANILLES-8.jpg\",\"contentUrl\":\"https:\\\/\\\/villadrossa.com\\\/wp-content\\\/uploads\\\/2021\\\/05\\\/FONTANILLES-8.jpg\",\"width\":1440,\"height\":1080,\"caption\":\"Maison des Fontanilles\"},{\"@type\":\"BreadcrumbList\",\"@id\":\"https:\\\/\\\/villadrossa.com\\\/la-maison-des-fontanilles#breadcrumb\",\"itemListElement\":[{\"@type\":\"ListItem\",\"position\":1,\"name\":\"Accueil\",\"item\":\"https:\\\/\\\/villadrossa.com\\\/\"},{\"@type\":\"ListItem\",\"position\":2,\"name\":\"La maison des Fontanilles\"}]},{\"@type\":\"WebSite\",\"@id\":\"https:\\\/\\\/villadrossa.com\\\/#website\",\"url\":\"https:\\\/\\\/villadrossa.com\\\/\",\"name\":\"Villa Drossa - Location de vacances\",\"description\":\"Location saisonni\u00e8re \u00e0 Saint-R\u00e9my de Provence\",\"publisher\":{\"@id\":\"https:\\\/\\\/villadrossa.com\\\/#organization\"},\"potentialAction\":[{\"@type\":\"SearchAction\",\"target\":{\"@type\":\"EntryPoint\",\"urlTemplate\":\"https:\\\/\\\/villadrossa.com\\\/?s={search_term_string}\"},\"query-input\":{\"@type\":\"PropertyValueSpecification\",\"valueRequired\":true,\"valueName\":\"search_term_string\"}}],\"inLanguage\":\"nl-NL\"},{\"@type\":\"Organization\",\"@id\":\"https:\\\/\\\/villadrossa.com\\\/#organization\",\"name\":\"Villa Drossa\",\"url\":\"https:\\\/\\\/villadrossa.com\\\/\",\"logo\":{\"@type\":\"ImageObject\",\"inLanguage\":\"nl-NL\",\"@id\":\"https:\\\/\\\/villadrossa.com\\\/#\\\/schema\\\/logo\\\/image\\\/\",\"url\":\"https:\\\/\\\/villadrossa.com\\\/wp-content\\\/uploads\\\/2021\\\/05\\\/Logo-Villa-Drossa-vectorise.png\",\"contentUrl\":\"https:\\\/\\\/villadrossa.com\\\/wp-content\\\/uploads\\\/2021\\\/05\\\/Logo-Villa-Drossa-vectorise.png\",\"width\":417,\"height\":290,\"caption\":\"Villa Drossa\"},\"image\":{\"@id\":\"https:\\\/\\\/villadrossa.com\\\/#\\\/schema\\\/logo\\\/image\\\/\"},\"sameAs\":[\"https:\\\/\\\/www.facebook.com\\\/search\\\/top?q=villa drossa\",\"https:\\\/\\\/www.instagram.com\\\/villa_drossa\\\/\",\"https:\\\/\\\/www.youtube.com\\\/watch?v=KYQe36vpk_Q\"]}]}<\/script>\n<!-- \/ Yoast SEO plugin. -->","yoast_head_json":{"title":"Villa Drossa - Vakantieverhuur - Seizoensverhuur in de Alpilles","description":"Villa Drossa - Vakantieverhuur - Schitterend vakantiehuis in de Alpilles - Saint-R\u00e9my-de-Provence","robots":{"index":"index","follow":"follow","max-snippet":"max-snippet:-1","max-image-preview":"max-image-preview:large","max-video-preview":"max-video-preview:-1"},"canonical":"https:\/\/villadrossa.com\/nl\/la-maison-des-fontanilles\/","og_locale":"nl_NL","og_type":"article","og_title":"Villa Drossa - Location de vacances &#8226; Location saisonni\u00e8re dans les Alpilles","og_description":"Villa Drossa - Location de vacances &#8226; Superbe Location saisonni\u00e8re dans les Alpilles &#8226; Saint-R\u00e9my-de-Provence","og_url":"https:\/\/villadrossa.com\/nl\/la-maison-des-fontanilles\/","og_site_name":"Villa Drossa - Location de vacances","article_publisher":"https:\/\/www.facebook.com\/search\/top?q=villa%20drossa","article_modified_time":"2024-03-26T16:39:19+00:00","og_image":[{"width":1440,"height":1080,"url":"https:\/\/villadrossa.com\/wp-content\/uploads\/2021\/05\/FONTANILLES-8.jpg","type":"image\/jpeg"}],"twitter_card":"summary_large_image","twitter_misc":{"Geschatte leestijd":"10 minuten"},"schema":{"@context":"https:\/\/schema.org","@graph":[{"@type":["WebPage","SearchResultsPage"],"@id":"https:\/\/villadrossa.com\/la-maison-des-fontanilles","url":"https:\/\/villadrossa.com\/la-maison-des-fontanilles","name":"Villa Drossa - Vakantieverhuur - Seizoensverhuur in de Alpilles","isPartOf":{"@id":"https:\/\/villadrossa.com\/#website"},"primaryImageOfPage":{"@id":"https:\/\/villadrossa.com\/la-maison-des-fontanilles#primaryimage"},"image":{"@id":"https:\/\/villadrossa.com\/la-maison-des-fontanilles#primaryimage"},"thumbnailUrl":"https:\/\/villadrossa.com\/wp-content\/uploads\/2021\/05\/FONTANILLES-8.jpg","datePublished":"2021-05-29T13:17:54+00:00","dateModified":"2024-03-26T16:39:19+00:00","description":"Villa Drossa - Vakantieverhuur - Schitterend vakantiehuis in de Alpilles - Saint-R\u00e9my-de-Provence","breadcrumb":{"@id":"https:\/\/villadrossa.com\/la-maison-des-fontanilles#breadcrumb"},"inLanguage":"nl-NL","potentialAction":[{"@type":"ReadAction","target":["https:\/\/villadrossa.com\/la-maison-des-fontanilles"]}]},{"@type":"ImageObject","inLanguage":"nl-NL","@id":"https:\/\/villadrossa.com\/la-maison-des-fontanilles#primaryimage","url":"https:\/\/villadrossa.com\/wp-content\/uploads\/2021\/05\/FONTANILLES-8.jpg","contentUrl":"https:\/\/villadrossa.com\/wp-content\/uploads\/2021\/05\/FONTANILLES-8.jpg","width":1440,"height":1080,"caption":"Maison des Fontanilles"},{"@type":"BreadcrumbList","@id":"https:\/\/villadrossa.com\/la-maison-des-fontanilles#breadcrumb","itemListElement":[{"@type":"ListItem","position":1,"name":"Accueil","item":"https:\/\/villadrossa.com\/"},{"@type":"ListItem","position":2,"name":"La maison des Fontanilles"}]},{"@type":"WebSite","@id":"https:\/\/villadrossa.com\/#website","url":"https:\/\/villadrossa.com\/","name":"Villa Drossa - Vakantieverhuur","description":"Vakantiewoning in Saint-R\u00e9my de Provence","publisher":{"@id":"https:\/\/villadrossa.com\/#organization"},"potentialAction":[{"@type":"SearchAction","target":{"@type":"EntryPoint","urlTemplate":"https:\/\/villadrossa.com\/?s={search_term_string}"},"query-input":{"@type":"PropertyValueSpecification","valueRequired":true,"valueName":"search_term_string"}}],"inLanguage":"nl-NL"},{"@type":"Organization","@id":"https:\/\/villadrossa.com\/#organization","name":"Villa Drossa","url":"https:\/\/villadrossa.com\/","logo":{"@type":"ImageObject","inLanguage":"nl-NL","@id":"https:\/\/villadrossa.com\/#\/schema\/logo\/image\/","url":"https:\/\/villadrossa.com\/wp-content\/uploads\/2021\/05\/Logo-Villa-Drossa-vectorise.png","contentUrl":"https:\/\/villadrossa.com\/wp-content\/uploads\/2021\/05\/Logo-Villa-Drossa-vectorise.png","width":417,"height":290,"caption":"Villa Drossa"},"image":{"@id":"https:\/\/villadrossa.com\/#\/schema\/logo\/image\/"},"sameAs":["https:\/\/www.facebook.com\/search\/top?q=villa drossa","https:\/\/www.instagram.com\/villa_drossa\/","https:\/\/www.youtube.com\/watch?v=KYQe36vpk_Q"]}]}},"_links":{"self":[{"href":"https:\/\/villadrossa.com\/nl\/wp-json\/wp\/v2\/pages\/869","targetHints":{"allow":["GET"]}}],"collection":[{"href":"https:\/\/villadrossa.com\/nl\/wp-json\/wp\/v2\/pages"}],"about":[{"href":"https:\/\/villadrossa.com\/nl\/wp-json\/wp\/v2\/types\/page"}],"author":[{"embeddable":true,"href":"https:\/\/villadrossa.com\/nl\/wp-json\/wp\/v2\/users\/2"}],"replies":[{"embeddable":true,"href":"https:\/\/villadrossa.com\/nl\/wp-json\/wp\/v2\/comments?post=869"}],"version-history":[{"count":1,"href":"https:\/\/villadrossa.com\/nl\/wp-json\/wp\/v2\/pages\/869\/revisions"}],"predecessor-version":[{"id":871,"href":"https:\/\/villadrossa.com\/nl\/wp-json\/wp\/v2\/pages\/869\/revisions\/871"}],"wp:featuredmedia":[{"embeddable":true,"href":"https:\/\/villadrossa.com\/nl\/wp-json\/wp\/v2\/media\/925"}],"wp:attachment":[{"href":"https:\/\/villadrossa.com\/nl\/wp-json\/wp\/v2\/media?parent=869"}],"curies":[{"name":"wp","href":"https:\/\/api.w.org\/{rel}","templated":true}]}}

<!-- This site is optimized with the Yoast SEO plugin v27.4 - https://yoast.com/product/yoast-seo-wordpress/ -->
<title>Villa Drossa - Location de vacances &#8226; Location saisonnière dans les Alpilles</title>
<meta name="description" content="Villa Drossa - Location de vacances &#8226; Superbe Location saisonnière dans les Alpilles &#8226; Saint-Rémy-de-Provence" />
<meta name="robots" content="index, follow, max-snippet:-1, max-image-preview:large, max-video-preview:-1" />
<link rel="canonical" href="https://villadrossa.com/nl/la-maison-des-fontanilles/" />
<meta property="og:locale" content="nl_NL" />
<meta property="og:type" content="article" />
<meta property="og:title" content="Villa Drossa - Location de vacances &#8226; Location saisonnière dans les Alpilles" />
<meta property="og:description" content="Villa Drossa - Location de vacances &#8226; Superbe Location saisonnière dans les Alpilles &#8226; Saint-Rémy-de-Provence" />
<meta property="og:url" content="https://villadrossa.com/nl/la-maison-des-fontanilles/" />
<meta property="og:site_name" content="Villa Drossa - Location de vacances" />
<meta property="article:publisher" content="https://www.facebook.com/search/top?q=villa%20drossa" />
<meta property="article:modified_time" content="2024-03-26T16:39:19+00:00" />
<meta property="og:image" content="https://villadrossa.com/wp-content/uploads/2021/05/FONTANILLES-8.jpg" />
	<meta property="og:image:width" content="1440" />
	<meta property="og:image:height" content="1080" />
	<meta property="og:image:type" content="image/jpeg" />
<meta name="twitter:card" content="summary_large_image" />
<meta name="twitter:label1" content="Geschatte leestijd" />
	<meta name="twitter:data1" content="10 minuten" />
<script type="application/ld+json" class="yoast-schema-graph">{"@context":"https:\/\/schema.org","@graph":[{"@type":["WebPage","SearchResultsPage"],"@id":"https:\/\/villadrossa.com\/la-maison-des-fontanilles","url":"https:\/\/villadrossa.com\/la-maison-des-fontanilles","name":"Villa Drossa - Location de vacances &#8226; Location saisonnière dans les Alpilles","isPartOf":{"@id":"https:\/\/villadrossa.com\/#website"},"primaryImageOfPage":{"@id":"https:\/\/villadrossa.com\/la-maison-des-fontanilles#primaryimage"},"image":{"@id":"https:\/\/villadrossa.com\/la-maison-des-fontanilles#primaryimage"},"thumbnailUrl":"https:\/\/villadrossa.com\/wp-content\/uploads\/2021\/05\/FONTANILLES-8.jpg","datePublished":"2021-05-29T13:17:54+00:00","dateModified":"2024-03-26T16:39:19+00:00","description":"Villa Drossa - Location de vacances &#8226; Superbe Location saisonnière dans les Alpilles &#8226; Saint-Rémy-de-Provence","breadcrumb":{"@id":"https:\/\/villadrossa.com\/la-maison-des-fontanilles#breadcrumb"},"inLanguage":"nl-NL","potentialAction":[{"@type":"ReadAction","target":["https:\/\/villadrossa.com\/la-maison-des-fontanilles"]}]},{"@type":"ImageObject","inLanguage":"nl-NL","@id":"https:\/\/villadrossa.com\/la-maison-des-fontanilles#primaryimage","url":"https:\/\/villadrossa.com\/wp-content\/uploads\/2021\/05\/FONTANILLES-8.jpg","contentUrl":"https:\/\/villadrossa.com\/wp-content\/uploads\/2021\/05\/FONTANILLES-8.jpg","width":1440,"height":1080,"caption":"Maison des Fontanilles"},{"@type":"BreadcrumbList","@id":"https:\/\/villadrossa.com\/la-maison-des-fontanilles#breadcrumb","itemListElement":[{"@type":"ListItem","position":1,"name":"Accueil","item":"https:\/\/villadrossa.com\/"},{"@type":"ListItem","position":2,"name":"La maison des Fontanilles"}]},{"@type":"WebSite","@id":"https:\/\/villadrossa.com\/#website","url":"https:\/\/villadrossa.com\/","name":"Villa Drossa - Location de vacances","description":"Location saisonnière à Saint-Rémy de Provence","publisher":{"@id":"https:\/\/villadrossa.com\/#organization"},"potentialAction":[{"@type":"SearchAction","target":{"@type":"EntryPoint","urlTemplate":"https:\/\/villadrossa.com\/?s={search_term_string}"},"query-input":{"@type":"PropertyValueSpecification","valueRequired":true,"valueName":"search_term_string"}}],"inLanguage":"nl-NL"},{"@type":"Organization","@id":"https:\/\/villadrossa.com\/#organization","name":"Villa Drossa","url":"https:\/\/villadrossa.com\/","logo":{"@type":"ImageObject","inLanguage":"nl-NL","@id":"https:\/\/villadrossa.com\/#\/schema\/logo\/image\/","url":"https:\/\/villadrossa.com\/wp-content\/uploads\/2021\/05\/Logo-Villa-Drossa-vectorise.png","contentUrl":"https:\/\/villadrossa.com\/wp-content\/uploads\/2021\/05\/Logo-Villa-Drossa-vectorise.png","width":417,"height":290,"caption":"Villa Drossa"},"image":{"@id":"https:\/\/villadrossa.com\/#\/schema\/logo\/image\/"},"sameAs":["https:\/\/www.facebook.com\/search\/top?q=villa drossa","https:\/\/www.instagram.com\/villa_drossa\/","https:\/\/www.youtube.com\/watch?v=KYQe36vpk_Q"]}]}</script>
<!-- / Yoast SEO plugin. -->

Villa Drossa - Vakantieverhuur - Schitterend vakantiehuis in de Alpilles - Saint-Rémy-de-Provence

Villa Drossa - Location de vacances &#8226; Location saisonnière dans les Alpilles

Villa Drossa - Location de vacances &#8226; Superbe Location saisonnière dans les Alpilles &#8226; Saint-Rémy-de-Provence

Vakantiewoning in Saint-Rémy de Provence
